
2, 3, 53
Suppose -35931 = -5*j + 53086 - 18727. What are the prime factors of j?
2, 3, 11, 71
Suppose 3*w = 2*m - 1130, -5*w - 1138 = -15*m + 13*m. Let v = -313 + m. List the prime factors of v.
2, 3, 41
Let t(i) = 441*i**2 + 257*i + 86. What are the prime factors of t(12)?
2, 17, 37, 53
Suppose 686588 = -27*a + 151*a. What are the prime factors of a?
7, 113
What are the prime factors of (1 - (-248)/(-155))*(-12049 - 1)?
2, 3, 5, 241
Let w be -4*-2*(-1)/4. Let u(h) = -12725*h**2 + 0*h - 6 - h + 12740*h**2. What are the prime factors of u(w)?
2, 7
What are the prime factors of (4 + -3)/((-2)/(-8)) + 7282/2?
3, 5
Suppose 2*b - a - 32723 = 0, -b - 873*a = -878*a - 16339. What are the prime factors of b?
2, 4091
Suppose 23 = -3*m - 4*r, 3*m = -0*r + r - 13. What are the prime factors of (-942)/(-6) - (m - (-1 + 0))?
7, 23
Let o = -14517 + 54139. What are the prime factors of o?
2, 11, 1801
Let p = 72412 - 42120. What are the prime factors of p?
2, 7573
Let g = -22001 - -30674. List the prime factors of g.
3, 7, 59
Let y = -37609 - -60614. List the prime factors of y.
5, 43, 107
Let b = 34 + -31. Let p be (0 - (-12 + b)) + -4. Suppose -p*s = -12*s + 427. What are the prime factors of s?
61
Let n = 101 + 451. Let i = n + -288. List the prime factors of i.
2, 3, 11
Let u(z) = 37*z**3 - 8*z**2 + 14*z + 5. Let o be u(4). Suppose -8*s + 11*s = o. What are the prime factors of s?
13, 59
Let f(r) = -46*r**3 - 40*r**2 - 39*r + 14. What are the prime factors of f(-7)?
5, 7, 13, 31
Suppose -88*v + 793630 = -419978. What are the prime factors of v?
3, 4597
Suppose -3*p = 10*p. Suppose p = 2*r + 2*q - 1494, 4*r = -3*q + 7*q + 3020. List the prime factors of r.
751
What are the prime factors of ((-7011)/(-95))/((-26)/(-7930))?
3, 41, 61
Suppose -2*t + 163 = 4*y + 7, 2*t - 4*y - 140 = 0. Suppose -62*l - 10728 = -t*l. What are the prime factors of l?
2, 3, 149
Let o(k) = 4*k**3 + 3 - 8*k + 4*k**3 + 2*k - 3*k**2 + 3*k**3. Let j be (-110)/66*18/(-10). What are the prime factors of o(j)?
3, 5, 17
Let v be (-4)/4*3 - -105. Let c = v - 42. Let f = -14 + c. List the prime factors of f.
2, 23
Let g(y) = 2*y**2 - y + 5. Let z be g(2). Suppose -1083 = -4*c + 3*j, -4*c = -z*j + 14*j - 1077. List the prime factors of c.
2, 3, 5
Suppose 19058 = 2*p + 5*i - 6*i, 0 = -2*p + 3*i + 19062. List the prime factors of p.
2, 3, 397
Let r(o) = -152*o**2 + 6*o**3 + o + 9 - 2*o**3 + 156*o**2 - 6*o. What are the prime factors of r(5)?
2, 73
Let x(a) = 149*a + 111. Let j be x(9). Suppose -12*i + j = -i. What are the prime factors of i?
2, 3, 11
Let l be (31 - 29)*-7*(-1)/2. Suppose h + 739 = 2*y, y + l*h = 2*h + 397. Suppose -3*j - 135 = -y. What are the prime factors of j?
79
Suppose z + 178 = 5*d, 5*d - 169 = 2*z - 4*z. Let p(j) = 4*j + 101. List the prime factors of p(d).
241
Let j be (36/(-5))/(-3) - (-8)/(-20). Suppose 5*k = 4*l + j*k - 1000, -5*l + 1285 = 5*k. Let h = l + -141. List the prime factors of h.
2, 7
Let f be (-1353)/(-287) + (-3)/(21/(-2)). Suppose 0 = 4*j + 2*g - 1096 + 76, 0 = j + f*g - 273. List the prime factors of j.
11, 23
Let t(r) = r**3 + 6*r**2 - 2*r - 10. Let y be t(-6). Suppose -25 = -2*d - 3*d, y*p - 3*d + 11 = 0. Suppose -p*c + c = -21. List the prime factors of c.
3, 7
Let j(y) = y**2 - 10*y - 152. Let x be j(-8). What are the prime factors of (6/(-12)*76)/(2/x)?
2, 19
Suppose -4*l = -20, 17 = 6*h - 2*h + 5*l. List the prime factors of (3 - (h + 8)) + 675.
2, 3, 7
Suppose 4*x + 188 = -4*g, -2*x + 3*g = 3*x + 251. Let w be 135/7 - (-14)/x. Let r = w + 8. List the prime factors of r.
3
Let x(i) = 3*i**2 + 20*i + 5 + 13*i**3 - 2*i - 2 - 14*i**3. Let p be x(6). Suppose -p = -u - 1. List the prime factors of u.
2
Let h(f) = f**2 - 12*f - 48. Let x be h(15). What are the prime factors of x/2*6/(-27)*951?
317
Let d = -1743 + 8450. What are the prime factors of d?
19, 353
Let p(x) = -252*x. Let b be p(-2). Let f = -429 - -428. What are the prime factors of f*(-4)/(-10) + b/10?
2, 5
Let o be (2/3)/2*(-1 - -7). Suppose 3*b - 2*c - 20 = -o, 5*b - 5*c - 25 = 0. List the prime factors of -2 - -18*18/b*2.
79
Let a(n) = n**3 + 7*n**2 + 5*n + 3. Suppose -23*q = -27*q + 32. Suppose 2*p = -3*b - q, 21 = -2*b + p + 4. List the prime factors of a(b).
3
Let s be 8*(36/(-8))/(-9). Suppose -2*u = s*c + 10, u - 4*u - 3*c = 0. Let x(z) = z**3 + z**2 - 8*z - 13. What are the prime factors of x(u)?
97
Let s be (6 - 1)*((-60)/(-25))/6. Suppose -y + 319 = -s*r - 29, -8 = -2*r. Let x = 602 - y. What are the prime factors of x?
2, 3, 41
Let q be (2/3 + -4)/((-4)/6). Suppose q*s + 4*k - 44 = 48, -5*s + 65 = -5*k. Suppose 2*o + 2*o = s, -2*h - 2*o = -346. List the prime factors of h.
13
Suppose -2*z + 30*m - 34*m = -10032, 0 = -2*z - 3*m + 10026. What are the prime factors of z?
2, 3, 139
Let y = 810 + -843. List the prime factors of 158*y/22*(-20)/6.
2, 5, 79
Suppose 28 = o - u, -3*u = 6 + 6. Suppose -4*a = -8*a + o. Suppose -516 = -a*i + 2*i. What are the prime factors of i?
3, 43
Let w = 595 + 25401. List the prime factors of w.
2, 67, 97
Suppose -p = 1, -8*p = -o - 3*p - 13. Let g(t) = -2*t**3 - 32*t**2 + 48*t - 15. What are the prime factors of g(o)?
3, 139
Let v(c) = -c**3 - 4*c**2 - 8*c - 3. Let s be v(-3). List the prime factors of 15/20 + ((-675)/s)/(-5).
2, 3
Let d = 40 - 33. Suppose -d*k - 2 = -8*k. What are the prime factors of ((-8)/6)/((-6)/936*k)?
2, 13
Suppose 0 = -2*n + 1110 + 724. Suppose 0 = 6*b + n - 3497. List the prime factors of b.
2, 5, 43
Let c(u) = -1. Let y(o) = -45*o + 86. Let a(f) = -3*c(f) + y(f). What are the prime factors of a(-5)?
2, 157
Suppose -614*p + 630*p - 149360 = 0. What are the prime factors of p?
5, 1867
Let h be -2 + 48/22 - 123/11. Let p(n) = -12*n - 74. Let i(x) = 26*x + 147. Let g(w) = h*p(w) - 6*i(w). List the prime factors of g(-9).
2, 37
Suppose -112 = -5*y + 4*o, 5*y + 3*o = 145 - 19. Suppose -144*q - y = -148*q. Suppose -d + 154 = q*n - 5*n, n = 4*d + 169. List the prime factors of n.
157
What are the prime factors of (-7418)/(-5) + 3 + -10 + 480/75?
1483
Let f(y) be the first derivative of -283*y**2/2 + 89*y - 299. List the prime factors of f(-6).
1787
List the prime factors of (-865780)/(-50) + (6/120)/(2/16).
2, 3, 13, 37
Let u(r) = r**2 + 11*r - 609. List the prime factors of u(21).
3, 7
Suppose -9*d = -72*d + 248787. What are the prime factors of d?
11, 359
Suppose 347 - 893 = -z. Let k = 825 - z. What are the prime factors of k?
3, 31
Let c(p) = 3*p**2 + 7*p - 5. Let r be c(-4). Let y(z) = 3*z**2 - 16*z + 174. What are the prime factors of y(r)?
3, 7, 29
Let g(t) = t**2 - 5*t - 20. Let m be g(8). Suppose 0 = 7*p - m*p - 1083. List the prime factors of p.
19
Let q(v) = -3*v**3 + v**2 + 9*v + 4. Let g be q(-5). Let l = 871 - g. What are the prime factors of l?
2
Suppose 5*k + 2*d = 34448, -k + 28*d + 6934 = 21*d. What are the prime factors of k?
2, 1723
Suppose -19 = -5*v - 129. Let c(a) = -a**3 - 22*a**2 - 12*a + 49. List the prime factors of c(v).
313
Let z(a) = -8*a - 10. Let f be z(3). Let l = f + 34. Suppose -5*g + 419 + 291 = l. What are the prime factors of g?
2, 71
What are the prime factors of 61518 - (-16 + 0 - -1)?
3, 43, 53
Suppose -40070 - 88674 = -44*d. What are the prime factors of d?
2, 7, 11, 19
Suppose 685*i = 677*i + 1640. Suppose 0 = -668*h + 667*h + i. List the prime factors of h.
5, 41
Let c(x) = 2*x**2 - 3*x - 2. Let g be c(3). Suppose -4*m + 28 = -4*u, m + u + 4*u - g = 0. Let y(h) = h**2 + 6*h - 10. List the prime factors of y(m).
3
Let v = 28 - 26. Let i be (-1 + v)/(3/561*1). Let s = 294 - i. List the prime factors of s.
107
Let a be (5/(-2))/((-7)/14). Suppose -4 = -4*p, -a*r + p = -4*r - 2. Suppose 3*s = -s + 2*v + 168, 4*s + r*v = 148. What are the prime factors of s?
2, 5
Let r = 429 - 107. Suppose -3*s + r + 665 = 0. List the prime factors of s.
7, 47
List the prime factors of (-10808)/392 - -27 - 3/(21/(-363962)).
2, 25997
Suppose z = -3*h + 17, -4*z - 8 = -2*h - 3*z. Suppose 3*x - 15*k - 2462 = -16*k, x + h*k - 830 = 0. What are the prime factors of x?
2, 5, 41
Let n be -66*(22/(-4))/(-1). Let d = n - -1083. List the prime factors of d.
2, 3, 5
Let v(f) = -26*f + 102. Let g be v(4). Let u(z) = 104*z**2 + 3*z + 2. List the prime factors of u(g).
2, 103
Let n be -1*(3 + -1) + 59. Let f be n - 25 -